{"id":13,"date":"2024-05-17T15:56:22","date_gmt":"2024-05-17T13:56:22","guid":{"rendered":"https:\/\/inttegrahseq.com.co\/?page_id=13"},"modified":"2025-10-18T23:19:03","modified_gmt":"2025-10-18T21:19:03","slug":"quienes-somos","status":"publish","type":"page","link":"https:\/\/inttegrahseq.com.co\/index.php\/quienes-somos\/","title":{"rendered":"\u00bfQui\u00e9nes Somos?"},"content":{"rendered":"\n<div class=\"wp-block-columns alignwide is-layout-flex wp-container-core-columns-is-layout-28f84493 wp-block-columns-is-layout-flex\">\n<div class=\"wp-block-column is-layout-flow wp-block-column-is-layout-flow\">\n<p><strong>INTTEGRA HSEQ SAS<\/strong> es una empresa dedicada a la prestaci\u00f3n de servicios de asesor\u00eda y consultor\u00eda en seguridad, salud en el trabajo, ambiente y calidad.<\/p>\n\n\n\n<p>Nuestro equipo est\u00e1 conformado por Profesionales especializados con m\u00e1s de 15 a\u00f1os de experiencia en diferentes sectores econ\u00f3micos, dedicados a la creaci\u00f3n de soluciones integrales y a la medida para nuestros clientes. Nuestra oferta de valor est\u00e1 enfocada en lograr una transformaci\u00f3n organizacional partiendo del SER para que se vea reflejado en el HACER, optimizando procesos que conduzcan no solo al cumplimiento de los requisitos legales, sino a que construyamos juntos organizaciones sostenibles.<\/p>\n\n\n\n<h2 class=\"wp-block-heading\">Misi\u00f3n<\/h2>\n\n\n\n<p>Somos una empresa dedicada a la prestaci\u00f3n de servicios integrales de asesor\u00eda y consultor\u00eda en seguridad industrial, salud en el trabajo, ambiente y calidad (HSEQ). Contamos con un equipo interdisciplinario de profesionales especializados con amplia experiencia, lo que nos permite brindarle un servicio personalizado, vers\u00e1til, serio, oportuno y ajustado a la medida de sus necesidades. Contamos con una red de apoyo y alianzas estrat\u00e9gicas que nos permiten atender de forma integral los requerimientos de nuestros clientes.<\/p>\n\n\n\n<h2 class=\"wp-block-heading\">Visi\u00f3n<\/h2>\n\n\n\n<p>En 2030, ser una empresa l\u00edder en asesor\u00edas y consultor\u00edas en la costa caribe colombiana, referente en sistemas integrados de gesti\u00f3n y coaching, brindando soluciones que le permitan a nuestros clientes mejorar los procesos organizacionales para construir juntos compa\u00f1\u00edas sostenibles.<\/p>\n\n\n\n<div style=\"height:100px\" aria-hidden=\"true\" class=\"wp-block-spacer\"><\/div>\n<\/div>\n<\/div>\n\n\n\n<h2 class=\"wp-block-heading has-text-align-center\">Qui\u00e9nes te acompa\u00f1ar\u00e1n en el proceso<\/h2>\n\n\n\n<div class=\"wp-block-columns alignwide is-layout-flex wp-container-core-columns-is-layout-28f84493 wp-block-columns-is-layout-flex\">\n<div class=\"wp-block-column is-layout-flow wp-block-column-is-layout-flow\">\n<h4 class=\"wp-block-heading has-text-align-center\">Kelly Reinstag Olivera<\/h4>\n\n\n\n<figure class=\"wp-block-image size-large\"><img loading=\"lazy\" decoding=\"async\" width=\"709\" height=\"1024\" src=\"https:\/\/inttegrahseq.com.co\/wp-content\/uploads\/2024\/05\/equipo_01e-709x1024.jpeg\" alt=\"\" class=\"wp-image-179\" srcset=\"https:\/\/inttegrahseq.com.co\/wp-content\/uploads\/2024\/05\/equipo_01e-709x1024.jpeg 709w, https:\/\/inttegrahseq.com.co\/wp-content\/uploads\/2024\/05\/equipo_01e-208x300.jpeg 208w, https:\/\/inttegrahseq.com.co\/wp-content\/uploads\/2024\/05\/equipo_01e-768x1109.jpeg 768w, https:\/\/inttegrahseq.com.co\/wp-content\/uploads\/2024\/05\/equipo_01e.jpeg 900w\" sizes=\"auto, (max-width: 709px) 100vw, 709px\" \/><\/figure>\n\n\n\n<p>Ingeniera Industrial, especialista en Higiene y Seguridad Industrial. Auditor en Sistemas Integrados de Gesti\u00f3n ISO 9001, ISO 45001, ISO 14001, ISO 17025 y Auditor en Sistemas de Gesti\u00f3n de la seguridad Vial ISO 39001.<\/p>\n\n\n\n<p>Profesional con m\u00e1s de 18 a\u00f1os de experiencia general, de los cuales 14 a\u00f1os son en posiciones de liderazgo HSEQ en importantes empresas nacionales y multinacionales del sector Oil &amp; Gas.<\/p>\n<\/div>\n\n\n\n<div class=\"wp-block-column is-layout-flow wp-block-column-is-layout-flow\">\n<h4 class=\"wp-block-heading has-text-align-center\">Cielo Mar Pinto Espitia<\/h4>\n\n\n\n<figure class=\"wp-block-image size-large\"><img loading=\"lazy\" decoding=\"async\" width=\"709\" height=\"1024\" src=\"https:\/\/inttegrahseq.com.co\/wp-content\/uploads\/2024\/05\/equipo_03e-709x1024.jpeg\" alt=\"\" class=\"wp-image-182\" srcset=\"https:\/\/inttegrahseq.com.co\/wp-content\/uploads\/2024\/05\/equipo_03e-709x1024.jpeg 709w, https:\/\/inttegrahseq.com.co\/wp-content\/uploads\/2024\/05\/equipo_03e-208x300.jpeg 208w, https:\/\/inttegrahseq.com.co\/wp-content\/uploads\/2024\/05\/equipo_03e-768x1109.jpeg 768w, https:\/\/inttegrahseq.com.co\/wp-content\/uploads\/2024\/05\/equipo_03e.jpeg 900w\" sizes=\"auto, (max-width: 709px) 100vw, 709px\" \/><\/figure>\n\n\n\n<p>Profesional en Salud Ocupacional. Coach Ontol\u00f3gico.<\/p>\n\n\n\n<p>Profesional con m\u00e1s de 9 a\u00f1os de experiencia general como consultora y asesora en el sector p\u00fablico y privado en diferentes empresas a nivel nacional; experiencia en dise\u00f1o e implementaci\u00f3n del sistema de gesti\u00f3n de seguridad y salud en el trabajo, seguimiento, dise\u00f1o de programas de bienestar laboral, capacitaciones y auditor\u00edas.<\/p>\n<\/div>\n<\/div>\n","protected":false},"excerpt":{"rendered":"<p>INTTEGRA HSEQ SAS es una empresa dedicada a la prestaci\u00f3n de servicios de asesor\u00eda y consultor\u00eda en seguridad, salud en el trabajo, ambiente y calidad. Nuestro equipo est\u00e1 conformado por Profesionales especializados con m\u00e1s de 15 a\u00f1os de experiencia en diferentes sectores econ\u00f3micos, dedicados a la creaci\u00f3n de soluciones integrales y a la medida para [&hellip;]<\/p>\n","protected":false},"author":1,"featured_media":15,"parent":0,"menu_order":0,"comment_status":"closed","ping_status":"closed","template":"","meta":{"footnotes":""},"class_list":["post-13","page","type-page","status-publish","has-post-thumbnail","hentry"],"_links":{"self":[{"href":"https:\/\/inttegrahseq.com.co\/index.php\/wp-json\/wp\/v2\/pages\/13","targetHints":{"allow":["GET"]}}],"collection":[{"href":"https:\/\/inttegrahseq.com.co\/index.php\/wp-json\/wp\/v2\/pages"}],"about":[{"href":"https:\/\/inttegrahseq.com.co\/index.php\/wp-json\/wp\/v2\/types\/page"}],"author":[{"embeddable":true,"href":"https:\/\/inttegrahseq.com.co\/index.php\/wp-json\/wp\/v2\/users\/1"}],"replies":[{"embeddable":true,"href":"https:\/\/inttegrahseq.com.co\/index.php\/wp-json\/wp\/v2\/comments?post=13"}],"version-history":[{"count":8,"href":"https:\/\/inttegrahseq.com.co\/index.php\/wp-json\/wp\/v2\/pages\/13\/revisions"}],"predecessor-version":[{"id":194,"href":"https:\/\/inttegrahseq.com.co\/index.php\/wp-json\/wp\/v2\/pages\/13\/revisions\/194"}],"wp:featuredmedia":[{"embeddable":true,"href":"https:\/\/inttegrahseq.com.co\/index.php\/wp-json\/wp\/v2\/media\/15"}],"wp:attachment":[{"href":"https:\/\/inttegrahseq.com.co\/index.php\/wp-json\/wp\/v2\/media?parent=13"}],"curies":[{"name":"wp","href":"https:\/\/api.w.org\/{rel}","templated":true}]}}